-2. Suppose h*f = 8*f. Let n be 3 + (f/2 - 9). Calculate t(n).
-9
Let u(t) = t**2 + 4*t - 2. Let o be ((10/(-4))/(-5))/((-12)/(-408)). Suppose -5*y + o = 37. Give u(y).
-2
Let l(o) = o**2 - 2*o + 10. Let c(x) = 3*x**2 - 5*x + 28. Let s(w) = 3*c(w) - 8*l(w). Calculate s(0).
4
Let q(j) be the first derivative of -21 - 1/3*j**3 - 2*j + 0*j**2. What is q(-3)?
-11
Suppose 6*b - b - 5 = 0. Suppose -9 - b = 2*p. Let w(h) = 4*h**2 + 2*h - 6. Let o(l) = -l**2 + 1. Let g(m) = p*o(m) - w(m). What is g(3)?
4
Let x = 2 + 0. Let d(s) = -7 - 6*s**x + 5 + s**3 + 6*s + 1 - s. Let u = 7 + -2. Determine d(u).
-1
Let p = -214 - -215. Let z(q) = -6*q. Calculate z(p).
-6
Let x(n) = -n**3 + 8*n**2 - 8*n + 4. Let q(m) = -5*m**2 + 2*m**2 - 4 + 5*m**2 + 0*m**2 + 7*m. Let s be q(-5). Let k = 18 - s. Determine x(k).
-3
Suppose s = -4*i - 15, -i + s - 5 = 5. Let o(q) = -6*q - 5. Let g(c) be the first derivative of 3*c**2/2 + 3*c - 8. Let h(f) = 5*g(f) + 2*o(f). Give h(i).
-10
Let r = 33 + -31. Let f(b) = b + 3 + 0*b + r*b - 5*b. Calculate f(-5).
13
Let p(d) = -46*d + 50. Let i be p(-6). Let o(z) = -i*z + 325*z - 7 + 0. Calculate o(-8).
1
Let l = -48 - -51. Let v(z) = l + 0 - z - 2. Suppose -x - 2 = 4. What is v(x)?
7
Suppose 90*h + 36 = 96*h. Let b(t) = -4*t + 16. Give b(h).
-8
Suppose 3*a = 5*j - 32, -3*a - 2*j - 3*j + 8 = 0. Let t(n) = n + 15. Let p be t(-11). Let s(x) = 5 + 0*x + p*x + x - 3*x**2 - x**3 + 0. Give s(a).
1
Let z(j) = j - 4. Let q(u) = 4*u - 16. Let l(p) = 2*q(p) - 9*z(p). Suppose -3 = -3*x + 6. Suppose -x*n + d = 3, -4*d = -2*n - 3*n - 12. What is l(n)?
4
Let r(x) = 5*x - 15. Let w(z) = 129*z + 780. Let h be w(-6). Calculate r(h).
15
Let r(i) = i**3 - 6*i**2 - i + 3. Let y = 87 + -83. Calculate r(y).
-33
Let y be (9/6)/((-1)/(-2)). Suppose 2*k + 1 - y = 0. Let n(c) = -2*c**2 - c**2 + 8*c + 4*c**2 - 4*c + k. Determine n(-5).
6
Let g(m) = -7*m**2 + 2*m**2 - 2*m - m**2 - m - 3 - m**3. Calculate g(-5).
-13
Let r be -5 - 0/(2 - -1). Let c be (0 - r)*(-12)/(-15). Let a(d) = -c + 18 - 9 + 2*d. Determine a(-6).
-7
Suppose t = -2*t. Let v = -16 + 18. Let y(s) = -2 + 0*s**2 - s**v + 2*s**2 + s - s**3. Determine y(t).
-2
Let u be (36/(-30))/(6/20). Let c(s) = -s - 3 - s - 2. Calculate c(u).
3
Let u(i) be the second derivative of 0 + 1/12*i**4 - 4*i - 1/6*i**3 - 2*i**2 + 1/20*i**5. Let g(l) be the first derivative of u(l). What is g(-2)?
7
Suppose 3*v - 2*v = -5*j + 9, 12 = -4*v + 4*j. Let n be (-6)/30 + (-11)/(-5). Let c(a) = 7*a**3 - a**n + 19*a - 10*a - 4*a**3 - 10*a. What is c(v)?
-3
Let u(i) = 7 + 3 + i - 3. Let s = 1893 + -1897. What is u(s)?
3
Let k(r) = -5*r - 103. Let v be k(-21). Suppose 0 = -4*z - 1 + 9. Let x(q) = 4*q**z + 5 - q**v - q**2 - 6*q - 3*q**2. What is x(-6)?
5
Let d(o) be the third derivative of o**6/120 + o**5/12 - o**4/3 - 4*o**3/3 - o**2. Suppose -18*g + 271 = -701. Let y = 48 - g. Calculate d(y).
4
Let j(p) = 2*p**3 + p**2 - p + 2. Suppose -4*a + 40 = -4*n, 2*n = a - 8 - 4. Suppose -50 = -2*o + 7*o. Let s = a + o. Calculate j(s).
-8
Let o(p) = 3*p + 23. Let z be o(-8). Let h(y) = y. Let w be h(1). Let q(l) = w + 3*l**2 - 5*l**2 + 4*l**3 + 0*l**3. What is q(z)?
-5
Let z = -5 - -9. Suppose z*k = -2 + 6. Let d be -3 + 2 + (k - 5). Let s(v) = 2*v + 6. What is s(d)?
-4
Let u be ((-12)/(-6))/(2/(-4)). Let l(a) = 4*a**2 - 4*a. Let z(f) = 5*f**2 - 5*f. Let m(n) = u*l(n) + 3*z(n). Suppose -2 - 4 = -3*r. Calculate m(r).
-2
Let s(c) = -5*c**3 + 2*c**2 - 2. Let b be s(1). Let v(k) be the third derivative of -k**6/120 - k**5/15 + k**4/3 + k**3 + 7*k**2. Determine v(b).
-9
Let v(s) = -s + 10. Let b be v(7). Let c(a) = 4*a - 1 + a**2 - 4*a - 10*a**b + 0. Let x(f) = -f**2 + 6*f - 4. Let k be x(5). Determine c(k).
-10
Let b(l) = 5*l**2 - l - 7. Let q(o) = -3*o + 10 + 4*o - 6*o**2 - 2. Let i(s) = -5*b(s) - 4*q(s). Calculate i(-3).
-9
Let j = 701 - 692. Let o(q) = 2*q - 10. Give o(j).
8
Let n(u) be the second derivative of 0 - 1/12*u**4 - 44*u + 0*u**2 - 1/3*u**3. Give n(-2).
0
Let z(f) = -3*f. Suppose -3*v = -3*a - 6, 4*v + 2 + 2 = -2*a. Suppose v = -6*x - 8 + 2. Give z(x).
3
Let l(b) = b**3 + 7*b**2 - 7*b - 3. Let z(h) = -3*h**3 - 13*h**2 + 14*h + 5. Let q be (-3)/(15/4)*125/50. Let m(u) = q*z(u) - 5*l(u). Determine m(8).
-3
Let b(p) be the second derivative of p**6/360 - p**5/30 + 5*p**4/24 + p**3/2 + 7*p. Let w(n) be the second derivative of b(n). Calculate w(5).
10
Let o(x) = -9*x + 7. Let l(w) = -19*w + 17. Let f(u) = 2*l(u) - 5*o(u). What is f(-1)?
-8
Let l(g) = 9*g**2 - 31*g + 5. Let x(h) = 5*h**2 - 16*h + 3. Let v(c) = -4*l(c) + 7*x(c). Give v(12).
1
Let g be (2/(-4))/((-3)/18). Suppose g*y + y = -24. Let x(l) = 51*l - 21*l - 15*l + 2 - 13*l. Calculate x(y).
-10
Let s(r) = -r**3 - 14*r**2 - 13*r + 14. Let g be s(-13). Let q(u) = 168 - 332 - g*u + 165. Give q(-1).
15
Suppose -2*y - 2*l = 4, -6 = y + y + 3*l. Let z(g) = y + 13*g**2 - 7 - 12*g**2. Determine z(0).
-7
Let b be (-13)/(-6) + 6/(-36). Let o(y) = 3*y - 2*y - y**b - 53*y**3 + 54*y**3 + 2. Suppose 4*a + a = -4*w - 10, -5*w - 31 = -3*a. What is o(a)?
8
Let m(z) = 4*z**2 - 2*z + 2. Let x(f) = -11*f**2 + 6*f - 6. Let l(p) = 8*m(p) + 3*x(p). Let q(d) = d**2 + 3*d - 7. Let a be q(-5). Determine l(a).
-5
Let t(n) = -n**2 + 10*n - 12. Let d(s) = -1. Let v(a) = -2*d(a) + t(a). Let j be -2 + (0 - 2) + (-106)/(-2). Suppose 15 + j = 8*x. Give v(x).
6
Let z(h) = -h + 12. Let n be z(9). Let y be 18/8 + n/(-12). Let s(l) = -14*l**y + 12*l**3 - 1 + l - 12*l**2 + 27*l**2. What is s(1)?
13
Let v(f) be the second derivative of -f**3/6 + f**2 + 151*f. What is v(5)?
-3
Let r(j) be the second derivative of -j**2/2 - 13*j. Let f(t) = 5*t + 5. Let k(o) = -f(o) - 2*r(o). Give k(3).
-18
Let n = 0 - -4. Let b(g) = g - g**2 + 0*g**2 + 5*g + 16*g - 17*g + 2. Calculate b(n).
6
Let k = 14 - 12. Suppose k*r = r. Suppose 2*d = -r*d + 12. Let j(x) = -x + 8. Give j(d).
2
Let p be (10/(-6))/((-70)/(-84)). Let w(n) = 3*n**2 + 3*n + 1. Determine w(p).
7
Let l(i) = 5*i**3 + 13*i**2 + 7*i + 7. Let x(o) = o**3 + 3*o**2 + 2*o + 1. Let j(d) = l(d) - 4*x(d). Calculate j(-4).
-41
Let h(d) = -3*d**2 + 18*d - 4. Let m be h(6). Let b(p) = p**3 + 2*p**2 - 5*p + 5. What is b(m)?
-7
Let h(c) be the second derivative of c**4/12 + c**3/2 - 5*c**2 - 70*c. Calculate h(-6).
8
Let t(h) = h + 3. Suppose -3*y + 16 = -2*f, 3*y + y - 26 = 5*f. Suppose -5*q = -y*o + 8, 0 = -q - 2 - 2. Give t(o).
0
Let z(u) = -3*u**2 + 4*u - 2. Let y(s) = 8 - 5*s**2 - 11 + 9*s - 4*s. Let j(o) = 2*y(o) - 3*z(o). Calculate j(-1).
1
Let s be 32/5 - (-4)/(-10). Let l(k) = 7*k**2 + 6*k - 28*k**2 + 11 - 3 + 20*k**2 + 0. Give l(s).
8
Suppose -5*s = 4*i - 38, -2*s + 17 + 5 = 5*i. Let z = 1 + 1. Let c(u) = -7 - 3*u + 6*u - 4*u + z*u. What is c(s)?
-1
Let c(f) = -f**3 + 15*f**2 - f + 14. Let p(j) = 20*j - 225. Let g be p(12). Give c(g).
-1
Suppose 6*u - 7*u = 3*p + 14, -2*p - 13 = -3*u. Let z(o) = o + 1. Let f(k) = 11*k + 5. Let j(c) = -f(c) + 6*z(c). What is j(u)?
-4
Let y(c) = -4*c - 20. Let r = 3 - 9. What is y(r)?
4
Suppose -66*u + 70*u = 20. Let p(v) = v + 3. Determine p(u).
8
Let r(w) = -3*w**2 + 13*w + 7. Let s = 54 - 50. Let m(b) = -5*b**2 + 25*b + 14. Let k(j) = s*m(j) - 7*r(j). Suppose o + 35 = -4*o. Determine k(o).
-7
Let u(b) = b**3 - b**2 - b. Let q be (2 + (-16)/6)*3. Let t(w) = w**3 + w**2 - 6*w - 1. Let y(s) = q*u(s) + t(s). What is y(3)?
-13
Let p = 0 - 0. Let w be 2/(p - 0 - -2). Let q(n) = -12*n - 4. Let j(g) = 12*g + 5. Let f(l) = 5*j(l) + 6*q(l). Determine f(w).
-11
Let f(p) be the third derivative of 0*p - 7/24*p**4 - 35*p**2 + 0 + 2/15*p**5 - 1/120*p**6 - 5/3*p**3. Determine f(7).
-10
Let g be (-3 + 5)/(-4)*(-2 - 2). Suppose 3*t + 25 = -g*t. Let a(w) = -w + 1. What is a(t)?
6
Let x = -76 - -43. Let y = x - -30. Let u(l) be the third derivative of -l**4/24 - l**3/3 + l**2. What is u(y)?
1
Let b(u) be the first derivative of -u**4/4 - 2*u**3/3 + 3*u**2 + 5*u - 234. Give b(-4).
13
Let d(k) = 2*k**3 - 3*k**2 + 2*k + 1. Let c be 1*4/(-12)*-6. What is d(c)?
9
Let g = 546 + -6547/12. Let p(d) be the second derivative of 0 + 0*d**3 + 7/2*d**2 - 6*d - g*d**4 - 1/20*d**5. Determine p(-5).
7
Suppose -3*h - 4*z = -3 - 11, -4*z + 2 = h. Let k(r) = 9 + 12*r - h - 5*r. Determine k(-4).
-25
Let k(r) = -r**3 + 7*r**2 - 9*r + 13. Let a(m) = -m**3 + 28*m**2 - 52*m + 6. Le